mmon divisor of 12 and o.
12
Let r = 52 + -47. Let p be (2/10*r)/(2/8). Let q be (-1*2)/((-7)/14). Calculate the greatest common factor of p and q.
4
Let x = -517 + 770. Calculate the greatest common factor of 46 and x.
23
Let y(q) = 35*q**2 - 163*q - 1357. Let u be y(-8). Calculate the greatest common factor of 9 and u.
9
Suppose 38*l - 326 - 1308 = 0. Calculate the greatest common factor of l and 21629.
43
Let a = -17 + 20. Let k be (-388)/3 - (-3 - (-8)/a). Let d = k + 250. What is the highest common divisor of d and 22?
11
Let s = 5516 + -3167. What is the highest common factor of s and 243?
81
Let m = -91 + 129. Let i(n) = n**3 + 26*n**2 + 37*n - 23. Let a be i(-24). Suppose 4*j + 13 - a = 0. What is the greatest common divisor of j and m?
19
Let b(k) = 55*k + 1. Let y be b(1). Let r = -427 + 437. Let c be (-3*1 + r/4)*-14. Calculate the greatest common factor of y and c.
7
Let l(y) = -20*y + 689. Let f be l(-54). What is the highest common divisor of f and 671?
61
Let d be 2/3*(20/5 - 37). Let g be (-6)/33 - 796/d. Calculate the highest common factor of 12 and g.
12
Let v(s) = s**3 - 6*s**2 + 6. Let z = 5 + 1. Let r be v(z). Suppose -r*a + 255 = -285. What is the greatest common factor of 36 and a?
18
Let a(l) = -6*l - 123. Let f be a(-27). What is the greatest common factor of f and 24?
3
Suppose -36*x + 39*x = 5*t - 61, 5*x + 13 = 2*t. Suppose -16*g + 380 = -t*g. Calculate the greatest common divisor of 10 and g.
10
Let k = 19 - -8. Let m = k + -18. Suppose 0 = m*g - 7*g - 52. Calculate the highest common divisor of g and 13.
13
Let i(z) = -3 - 21 - 41 - 4*z + 9. Let w be i(-19). What is the greatest common factor of 90 and w?
10
Let p(s) = -13*s - 136. Let k be p(-11). Suppose -k*l + 2300 = 550. What is the greatest common divisor of l and 75?
25
Suppose -77*r = -322 - 190 - 104. Calculate the greatest common divisor of r and 530.
2
Let o = 39944 + -39930. Let y = -3 + 4. Let g be 1*113 + (0 - y). What is the greatest common factor of o and g?
14
Let q be (1 - (-556)/(-1))/((-276)/368). Let y = q - 658. Calculate the greatest common factor of y and 328.
82
Let f(l) = 2*l**3 + 20*l**2 - 45*l - 357. Let a be f(-8). Calculate the highest common factor of a and 46879.
259
Suppose 15*i + 7*i - 104 = 20*i. What is the greatest common divisor of 58 and i?
2
Let y be 1/(125/(-63) - (-3 + 1)). Suppose d - 3*u - 14 = -4*u, -5*d + y = -2*u. Suppose -d*r + 11*r = -504. What is the greatest common divisor of r and 28?
28
Let w = -2871 + 2979. What is the highest common divisor of w and 171?
9
Let m(i) = i**3 + 18*i**2 - 40*i + 28. Let b be m(-20). Let w be 1*(6189/21 + 8/b). Calculate the greatest common divisor of 5 and w.
5
Let k be (-37 + 9)*(-51)/68. Calculate the greatest common factor of k and 7287.
21
Let f(a) = -51*a - 2288. Let k be f(-45). What is the greatest common factor of 161 and k?
7
Let r = 613 - 396. Let g = r - 197. What is the greatest common factor of 50 and g?
10
Let r be 1/(-8) + (4132/32 - 2). Let d = r + -119. Suppose v - 49 - 15 = 0. What is the highest common factor of v and d?
8
Suppose -111*x = -108*x + 5*r - 14142, -4*x = 2*r - 18828. What is the highest common factor of 147 and x?
147
Let b(g) = -2*g**2 - 23*g + 18. Let u be b(-10). Let j be -2*(-4 - -65)*-4. Let o = j + -344. What is the highest common divisor of o and u?
48
Let w be -1 - -2 - (22 - (-3)/(-1)). Let i be (3/(w/14) - -2)*-198. What is the greatest common factor of 330 and i?
66
Suppose 54*f - 13*f + 2*f - 51600 = 0. What is the greatest common divisor of f and 360?
120
Suppose 296*p - 294*p + 3*j + 163 = 0, -4*j = -p - 98. Let v be 2/(-3) - (-712)/(-12). Let o = v - p. Calculate the highest common divisor of o and 13.
13
Let t(b) = -2*b**2 + 2*b. Let j(u) = -35*u**2 + 17*u + 5. Let f(q) = -j(q) + 5*t(q). Let a be f(-1). What is the highest common divisor of 108 and a?
27
Suppose -2*n = -h - 3959, -5941 = -12*n + 9*n - h. Calculate the highest common divisor of 108 and n.
36
Suppose -2*p - 1320*i + 1316*i = -1122, i = -5*p + 2805. Suppose 4*a = 6*a - 66. Calculate the highest common divisor of p and a.
33
Let i be (-19)/(2223/(-7038)) + 4/(-26). Calculate the greatest common factor of i and 672.
12
Suppose 0 = 29*q + 1295 - 7443. Suppose -211*f = -q*f + 3. Let w(j) = j**2 + 5. Let t be w(-4). Calculate the greatest common divisor of t and f.
3
Let g = 486 - 504. Let x = -4 - g. Calculate the greatest common divisor of 70 and x.
14
Let h(y) = 3*y + 17. Let v be h(-4). Suppose -166 = -2*t + 3*b, 4*t - 53 = -v*b + 235. What is the greatest common factor of t and 616?
77
Let l = -1619 - -1651. What is the highest common factor of 50 and l?
2
Let q(i) = i**2 + 238*i - 2989. Let p be q(12). Calculate the greatest common divisor of 7513 and p.
11
Let r(b) be the second derivative of 2*b**3/3 + 9*b**2/2 + 6*b. Let l be r(-3). Let i be (0 - 1/l)*18. What is the greatest common divisor of 42 and i?
6
Let v = 10428 + -6932. Suppose -h - 4*h + 2*o + v = 0, -2*h = o - 1402. What is the highest common divisor of h and 28?
28
Let b be 1/4 + (-2786)/(-56). Suppose 280*o + 500 = 330*o. What is the highest common divisor of b and o?
10
Suppose 4*s + 2*d = -58, -s + d = 6*d + 19. Let f(b) = -b**3 - 16*b**2 - 29*b + 45. Let t be f(s). What is the greatest common divisor of 767 and t?
59
Let i = 887 + -884. Let c be -3 + (-12 - (-5 + 3)). Let f be c*3*(1 - 2). What is the greatest common divisor of f and i?
3
Suppose -4*m + 16*m + 6*m = 0. Suppose 2*i + 5*u + 11 = m, -i + u = 2*i - 9. What is the greatest common divisor of i and 9?
1
Suppose 1676*z - 1712*z + 7632 = 0. Calculate the greatest common divisor of z and 4.
4
Suppose -c = 5*o - 30, -33*o + 34*o = c. Let j(v) = -v**2 - 5*v + 8. Let a be j(-6). Let m be (-91)/(-2) - a/4. Calculate the highest common factor of o and m.
5
Let a = 180 + -170. Let o be (-3)/(-5 - (-3 - 1)). Suppose -o*f - 8 = -5*v + 12, -20 = -5*v - 2*f. Calculate the highest common factor of v and a.
2
Let k be (-1 - 0) + (-278)/(-2). Let n = 264 - k. Let q be (-208)/(-5434)*-19 + (-324)/(-22). What is the highest common divisor of q and n?
14
Suppose -5*d = 2*i - 46, 4*i + 4*d - 74 = 3*d. Suppose i*l + 8256 = 30*l. Calculate the highest common divisor of l and 43.
43
Suppose 66220 = 115*o + 13*o - 18*o. Let q(g) = g**2 - 3*g - 2. Let u be q(-8). What is the greatest common divisor of u and o?
86
Let p be 111554/28 + (-6 - (-2158)/364). Calculate the greatest common factor of p and 64.
16
Let i be ((-24)/336*21)/(2/(-3588)). Calculate the greatest common factor of 117 and i.
117
Let a(s) = 4*s + 3 - 5*s + 9*s**2 - s**3 + 2*s**3. Let l be a(-9). Suppose -7*m = -3*m - l. Calculate the greatest common divisor of 1 and m.
1
Let a be ((-10)/15)/(234/(-7757451)). What is the highest common factor of a and 159?
159
Let r = -6 + 5. Let t be 540/(-5 - -1) - r. Let g be (4/12)/(t/(-66) - 2). Calculate the greatest common factor of 88 and g.
11
Let d(v) = v**3 - 2*v - 437. Let a be d(0). Let c = a - -554. Calculate the highest common divisor of 247 and c.
13
Let v be (-9)/(-5) + (-9)/(-45). Suppose 3*q - 15 = -2*s + 30, 2*q + v = 0. Calculate the highest common factor of 56 and s.
8
Let b be 9/(-2)*(-20)/6. Let r = -66 + 116. Suppose 5*w - 3*i = 81, r = w + 3*w + 5*i. What is the highest common factor of b and w?
15
Let o(m) = -86*m**2 + 2*m + 16. Let n be o(4). Let q be n/(3 + -7) + -2. Let j be ((-28)/(-3))/(4/18). Calculate the highest common divisor of q and j.
42
Suppose -3316 = -219*t + 1663 + 496. What is the greatest common divisor of 7925 and t?
25
Let w(o) = 2*o**2 + 81*o + 772. Let h be w(-44). What is the greatest common factor of 3024 and h?
216
Let m be (-2)/(-12) + (-4311)/(-54). Let p be (-2*30)/((-11)/((-55)/(-10))). What is the highest common divisor of m and p?
10
Let p be (8/((-48)/(-153)))/(3/4). Calculate the highest common factor of 4131 and p.
17
Suppose 0 = 8*f - 41549 + 9765. Calculate the greatest common factor of 29 and f.
29
Let w be (-100)/(-15)*19 - (-5)/(-3). Let f = -97 + w. Calculate the greatest common divisor of 6 and f.
2
Let t be (4 + -10 - -7)*14. Calculate the greatest common divisor of 35042 and t.
14
Let v = -19793 + 21437. Calculate the greatest common factor of v and 24.
12
Let z(x) = 36*x**2 + 27*x - 174. Let c 